{"id":39,"date":"2016-10-27T12:55:05","date_gmt":"2016-10-27T10:55:05","guid":{"rendered":"http:\/\/cstalloires.com\/?page_id=39"},"modified":"2024-06-25T08:53:15","modified_gmt":"2024-06-25T06:53:15","slug":"la-montee-de-la-tournette","status":"publish","type":"page","link":"https:\/\/cstalloires.com\/?page_id=39","title":{"rendered":"La Mont\u00e9e de la Tournette"},"content":{"rendered":"<div id=\"pl-39\" class=\"panel-layout\">\n<div id=\"pg-39-0\" class=\"panel-grid panel-no-style\" data-style=\"{&quot;background_display&quot;:&quot;tile&quot;,&quot;cell_alignment&quot;:&quot;flex-start&quot;}\">\n<div id=\"pgc-39-0-0\" class=\"panel-grid-cell\" data-style=\"{&quot;background_display&quot;:&quot;tile&quot;,&quot;vertical_alignment&quot;:&quot;auto&quot;}\" data-weight=\"0.28988397389412\">\n<div id=\"panel-39-0-0-0\" class=\"so-panel widget widget_sow-editor panel-first-child panel-last-child\" data-index=\"0\" data-style=\"{&quot;background_image_attachment&quot;:false,&quot;background_display&quot;:&quot;tile&quot;}\">\n<div class=\"so-widget-sow-editor so-widget-sow-editor-base\">\n<h3 class=\"widget-title\" style=\"text-align: center;\">RANDO TOURNETTE<\/h3>\n<div class=\"siteorigin-widget-tinymce textwidget\">\n<p style=\"text-align: center;\"><a href=\"http:\/\/cstalloires.com\/?page_id=676\"><img loading=\"lazy\" class=\"aligncenter wp-image-770 size-medium\" src=\"http:\/\/cstalloires.com\/wp-content\/uploads\/2017\/01\/sourires-300x169.jpg\" alt=\"\" width=\"300\" height=\"169\" \/><\/a><a href=\"http:\/\/cstalloires.com\/?page_id=676\">Galerie des sourires<\/a><\/p>\n<h3 style=\"text-align: center;\">La rando 2024<\/h3>\n<h2 style=\"text-align: center;\"><span style=\"color: #ff0000;\"><span style=\"color: #000080;\">RDV \u00e0 partir de 7h \u00e0 la plage du bourg de Talloires<\/span>\u00a0<\/span><\/h2>\n<p style=\"text-align: center;\"><span style=\"font-size: 10pt;\">D+ : <strong><span style=\"color: #ff0000;\"><span style=\"color: #000080;\">1870 m<\/span><br \/>\n<\/span><\/strong><span style=\"color: #ff0000;\"><span style=\"color: #000000;\">Distance : <\/span><\/span><strong><span style=\"color: #ff0000;\"><span style=\"color: #000080;\">10,9 km<\/span><br \/>\n<\/span><\/strong><\/span><span style=\"font-size: 10pt;\">D\u00e9part individuel entre <strong><span style=\"color: #ff0000;\"><span style=\"color: #000080;\">7h00 et 8h<\/span><br \/>\n<\/span><\/strong><\/span><span style=\"font-size: 10pt;\">Imp\u00e9ratif : arriver au sommet avant <span style=\"color: #000080;\"><strong>12h30\u00a0 <\/strong><\/span><\/span><span style=\"color: #000080;\"><span style=\"font-size: 10pt;\"><strong>pour obtenir le\u00a0<\/strong><\/span><span style=\"font-size: 13.3333px;\"><b>dipl\u00f4me de\u00a0Finisseur<\/b><\/span><\/span><\/p>\n<p style=\"text-align: center;\"><span style=\"font-size: 10pt;\">Ravitaillements \u00e0 La route foresti\u00e8re et au Chalet de l\u2019Aulp : boissons et petit en cas distribu\u00e9s par nos soins (gourde ou gobelet obligatoire)<br \/>\n<\/span><span style=\"font-size: 10pt;\">Sac \u00e0 dos avec boisson, petit \u201cen cas\u201d et v\u00eatement chaud recommand\u00e9<br \/>\n<\/span><span style=\"font-size: 10pt;\">Attention\u00a0 : <span style=\"color: #000080;\"><strong>pas de Navettes<\/strong><\/span> au niveau de Pr\u00e9 V\u00e9rel pour la descente sur Talloires<\/span><\/p>\n<h1 style=\"text-align: center;\"><span style=\"color: #000080;\"><span style=\"font-size: 10pt;\">Repas au Chalet de l&rsquo;Aulp<\/span><\/span><\/h1>\n<p style=\"text-align: center;\"><span style=\"font-size: 10pt;\">Dipl\u00f4me de \u201cFinisseur\u201d<br \/>\n<\/span><span style=\"font-size: 10pt;\">Votre photo au sommet<br \/>\n<\/span><span style=\"font-size: 10pt;\">Co\u00fbt de l\u2019inscription : <span style=\"color: #ff0000;\"><strong><span style=\"color: #000080;\">25\u20ac<\/span>\u00a0<\/strong><\/span><\/span><\/p>\n<\/div>\n<\/div>\n<\/div>\n<\/div>\n<div id=\"pgc-39-0-1\" class=\"panel-grid-cell\" data-style=\"{&quot;background_display&quot;:&quot;tile&quot;,&quot;vertical_alignment&quot;:&quot;auto&quot;}\" data-weight=\"0.29858593183466\">\n<div id=\"panel-39-0-1-0\" class=\"so-panel widget widget_sow-editor panel-first-child panel-last-child\" data-index=\"1\" data-style=\"{&quot;background_image_attachment&quot;:false,&quot;background_display&quot;:&quot;tile&quot;}\">\n<div class=\"so-widget-sow-editor so-widget-sow-editor-base\">\n<h3 class=\"widget-title\" style=\"text-align: center;\">TOURNETTE, LE TRAIL<\/h3>\n<div class=\"siteorigin-widget-tinymce textwidget\">\n<p style=\"text-align: center;\"><a href=\"http:\/\/cstalloires.com\/?page_id=531\"><img loading=\"lazy\" class=\"alignnone size-medium wp-image-5176\" src=\"http:\/\/cstalloires.com\/wp-content\/uploads\/2019\/09\/DSC03851_resultat-200x300.jpg\" alt=\"\" width=\"200\" height=\"300\" srcset=\"https:\/\/cstalloires.com\/wp-content\/uploads\/2019\/09\/DSC03851_resultat-200x300.jpg 200w, https:\/\/cstalloires.com\/wp-content\/uploads\/2019\/09\/DSC03851_resultat-768x1152.jpg 768w, https:\/\/cstalloires.com\/wp-content\/uploads\/2019\/09\/DSC03851_resultat-683x1024.jpg 683w, https:\/\/cstalloires.com\/wp-content\/uploads\/2019\/09\/DSC03851_resultat.jpg 2000w\" sizes=\"(max-width: 200px) 100vw, 200px\" \/><\/a><\/p>\n<p style=\"text-align: center;\"><a href=\"http:\/\/cstalloires.com\/?page_id=531\">Galerie des L\u00e9gendes<\/a><\/p>\n<h3 style=\"text-align: center;\">La course 2024<\/h3>\n<h2 style=\"text-align: center;\"><span style=\"color: #000080;\">RDV \u00e0 partir de 7h30 \u00e0 la plage du bourg de Talloires<\/span><\/h2>\n<p style=\"text-align: center;\"><span style=\"font-size: 10pt;\">D+ : <strong><span style=\"color: #ff0000;\"><span style=\"color: #000080;\">1870 m<\/span><br \/>\n<\/span><\/strong><\/span><span style=\"font-size: 10pt;\">Distance : <strong><span style=\"color: #ff0000;\"><span style=\"color: #000080;\">10,9 km<\/span><br \/>\n<\/span><\/strong>D\u00e9part group\u00e9 \u00e0 <span style=\"color: #000080;\"><strong>8h30<\/strong><\/span><span style=\"color: #ff0000;\"><br \/>\n<\/span><\/span><span style=\"font-size: 10pt;\"><span style=\"font-size: 10pt;\">Temps limite :<\/span><span style=\"color: #ff0000;\"><span style=\"font-size: 10pt; color: #000080;\"><b><span style=\"font-size: 10pt;\"> arriver<\/span><span style=\"font-size: 13.3333px;\">\u00a0<\/span><\/b><\/span><span style=\"font-size: 10pt; color: #ff0000;\"><b><span style=\"color: #000080;\">au sommet avant 12h30<\/span><br \/>\n<\/b><\/span><\/span><\/span><span style=\"font-size: 10pt;\">Ravitaillements \u00e0 La route foresti\u00e8re et au Chalet de l\u2019Aulp : boissons et petit en cas distribu\u00e9s par nos soins (gourde ou gobelet obligatoire)<br \/>\n<\/span><span style=\"color: #ff0000;\"><strong><span style=\"font-size: 10pt; color: #000080;\">Repas et remise des prix <\/span><span style=\"font-size: 10pt;\"><span style=\"color: #000080;\">au Chalet de l&rsquo;Aulp<\/span><br \/>\n<\/span><\/strong><\/span><span style=\"font-size: 10pt;\">Attention : <span style=\"color: #000080;\"><strong>pas de navette<\/strong><\/span> au niveau de Pr\u00e9 V\u00e9rel pour la descente sur Talloires\u00a0<\/span><\/p>\n<p style=\"text-align: center;\"><span style=\"font-size: 10pt;\">Dipl\u00f4me en fonction de votre temps<br \/>\n<\/span><span style=\"font-size: 10pt;\"><strong><span style=\"color: #0000ff;\">Dans la l\u00e9gende<\/span><\/strong> : \u2013 de <strong><span style=\"color: #ff0000;\"><span style=\"color: #000080;\">1h30<\/span><br \/>\n<\/span><\/strong><\/span><span style=\"font-size: 10pt;\"><span style=\"color: #0000ff;\"><strong>Tournette d\u2019or<\/strong><\/span> : \u2013 de <span style=\"color: #ff0000;\"><strong><span style=\"color: #000080;\">1h45<\/span><br \/>\n<\/strong><\/span><\/span><span style=\"font-size: 10pt;\"><span style=\"color: #0000ff;\"><strong>Tournette d\u2019argent<\/strong><\/span> : \u2013 de <span style=\"color: #ff0000;\"><strong><span style=\"color: #000080;\">2h<\/span><br \/>\n<\/strong><\/span><\/span><span style=\"font-size: 10pt;\"><span style=\"color: #0000ff;\"><strong>Tournette de bronze<\/strong><\/span> : \u2013 de <span style=\"color: #ff0000;\"><strong><span style=\"color: #000080;\">2h30<\/span><br \/>\n<\/strong><\/span><\/span><span style=\"font-size: 10pt;\"><span style=\"color: #0000ff;\"><strong>Finisseur<\/strong> <\/span>: \u2013 de <span style=\"color: #ff0000;\"><strong><span style=\"color: #000080;\">4h<\/span><br \/>\n<\/strong><\/span><\/span><span style=\"font-size: 10pt;\">Votre photo au sommet<br \/>\n<\/span><span style=\"font-size: 10pt; color: initial;\">Co\u00fbt de l\u2019inscription : <\/span><span style=\"color: #000080;\"><strong style=\"font-size: 10pt;\">25 \u20ac<\/strong><\/span><\/p>\n<\/div>\n<\/div>\n<\/div>\n<\/div>\n<div id=\"pgc-39-0-2\" class=\"panel-grid-cell\" data-weight=\"0.19126178390137\">\n<div id=\"panel-39-0-2-0\" class=\"so-panel widget widget_sow-editor panel-first-child panel-last-child\" data-index=\"2\" data-style=\"{&quot;background_display&quot;:&quot;tile&quot;}\">\n<div class=\"so-widget-sow-editor so-widget-sow-editor-base\">\n<h3 class=\"widget-title\" style=\"text-align: center;\">LA TRACE<\/h3>\n<p><a href=\"http:\/\/cstalloires.com\/wp-content\/uploads\/2022\/04\/plage-tournette-3d.jpg\"><img loading=\"lazy\" class=\"alignleft wp-image-6302 size-medium\" src=\"http:\/\/cstalloires.com\/wp-content\/uploads\/2022\/04\/plage-tournette-3d-300x224.jpg\" alt=\"\" width=\"300\" height=\"224\" srcset=\"https:\/\/cstalloires.com\/wp-content\/uploads\/2022\/04\/plage-tournette-3d-300x224.jpg 300w, https:\/\/cstalloires.com\/wp-content\/uploads\/2022\/04\/plage-tournette-3d-1024x766.jpg 1024w, https:\/\/cstalloires.com\/wp-content\/uploads\/2022\/04\/plage-tournette-3d-768x575.jpg 768w, https:\/\/cstalloires.com\/wp-content\/uploads\/2022\/04\/plage-tournette-3d-1536x1149.jpg 1536w, https:\/\/cstalloires.com\/wp-content\/uploads\/2022\/04\/plage-tournette-3d.jpg 1683w\" sizes=\"(max-width: 300px) 100vw, 300px\" \/><\/a><\/p>\n<p><span style=\"color: revert; font-size: revert; font-weight: revert;\">D\u00e9part de la plage du bourg de Talloires\u00a0<\/span><\/p>\n<\/div>\n<\/div>\n<\/div>\n<div id=\"pgc-39-0-3\" class=\"panel-grid-cell\" data-weight=\"0.22026831036983\">\n<div id=\"panel-39-0-3-0\" class=\"so-panel widget widget_sow-editor panel-first-child panel-last-child\" data-index=\"3\" data-style=\"{&quot;background_image_attachment&quot;:false,&quot;background_display&quot;:&quot;tile&quot;}\">\n<div class=\"so-widget-sow-editor so-widget-sow-editor-base\">\n<div class=\"siteorigin-widget-tinymce textwidget\">\n<p>Mont\u00e9e au Chalet de l&rsquo;Aulp par le Pont des F\u00e9es, Rovagny et bois de La Coche.<\/p>\n<p>Aulp &#8211; Pied du Fauteuil par le refuge du Casset. (itin\u00e9raire traditionnel).<\/p>\n<\/div>\n<\/div>\n<h2><\/h2>\n<div class=\"so-widget-sow-editor so-widget-sow-editor-base\">\n<div class=\"siteorigin-widget-tinymce textwidget\">\n<h2 style=\"text-align: left;\">Historique<\/h2>\n<ul style=\"list-style-type: circle;\">\n<li><a href=\"http:\/\/cstalloires.com\/?page_id=6963\">Edition 2023<\/a><\/li>\n<li>Edition 2022<\/li>\n<li><a href=\"http:\/\/cstalloires.com\/?page_id=6110\">Edition 2021<\/a><\/li>\n<li><a href=\"http:\/\/cstalloires.com\/?page_id=5623\">Edition 2020<\/a><\/li>\n<li><a href=\"http:\/\/cstalloires.com\/?page_id=5162\">Edition 2019\u00a0<\/a><\/li>\n<li><a href=\"http:\/\/cstalloires.com\/?page_id=4056\">Edition 2018<\/a><\/li>\n<li><a href=\"http:\/\/cstalloires.com\/?page_id=951\">Edition 2017<\/a><\/li>\n<li><a href=\"http:\/\/cstalloires.com\/?page_id=69\">Edition 2016<\/a><\/li>\n<li><a href=\"http:\/\/cstalloires.com\/?page_id=71\">Edition 2014<\/a><\/li>\n<li><a href=\"http:\/\/cstalloires.com\/?page_id=103\">Edition 2013<\/a><\/li>\n<li><a href=\"http:\/\/cstalloires.com\/?page_id=73\">Edition 2012<\/a><\/li>\n<li><a href=\"http:\/\/cstalloires.com\/?page_id=75\">Edition 2011<\/a><\/li>\n<li><a href=\"http:\/\/cstalloires.com\/?page_id=77\">Edition 2010<\/a><\/li>\n<li><a href=\"http:\/\/cstalloires.com\/?page_id=656\">Edition 2009<\/a><\/li>\n<\/ul>\n<\/div>\n<\/div>\n<\/div>\n<\/div>\n<\/div>\n<div id=\"pg-39-1\" class=\"panel-grid panel-no-style\" data-style=\"{&quot;background_display&quot;:&quot;tile&quot;,&quot;cell_alignment&quot;:&quot;flex-start&quot;}\">\n<div id=\"pgc-39-1-0\" class=\"panel-grid-cell\" data-weight=\"1\">\n<div id=\"panel-39-1-0-0\" class=\"so-panel widget widget_sow-editor panel-first-child panel-last-child\" data-index=\"4\" data-style=\"{&quot;background_display&quot;:&quot;tile&quot;}\">\n<div class=\"so-widget-sow-editor so-widget-sow-editor-base\">\n<div class=\"siteorigin-widget-tinymce textwidget\">\n<h5 style=\"text-align: center;\">Le g\u00e2teau des 20 ans de la premi\u00e8re \u00e9dition avec le 1er vainqueur Bruno Mollaret.<\/h5>\n<div style=\"width: 440px;\">\n<div id=\"su_video_player_5954d4e660d69\" class=\"su-video jp-video su-video-controls-no\" data-id=\"su_video_player_5954d4e660d69\" data-video=\"http:\/\/cstalloires.com\/wp-content\/uploads\/2016\/11\/Gateau-20-ans-Tournette.mp4\" data-swf=\"http:\/\/cstalloires.com\/wp-content\/plugins\/shortcodes-ultimate\/assets\/other\/Jplayer.swf\" data-autoplay=\"no\" data-loop=\"no\" data-poster=\"http:\/\/cstalloires.com\/wp-content\/uploads\/2016\/10\/20-ans-gateau.jpg\">\n<div id=\"su_video_player_5954d4e660d69_player\" class=\"jp-jplayer\" style=\"width: 440px; height: 300px;\">\n<div style=\"width: 400px;\" class=\"wp-video\"><!--[if lt IE 9]><script>document.createElement('video');<\/script><![endif]-->\n<video class=\"wp-video-shortcode\" id=\"video-39-1\" width=\"400\" height=\"224\" preload=\"metadata\" controls=\"controls\"><source type=\"video\/mp4\" src=\"http:\/\/cstalloires.com\/wp-content\/uploads\/2016\/11\/Gateau-20-ans-Tournette.mp4?_=1\" \/><a href=\"http:\/\/cstalloires.com\/wp-content\/uploads\/2016\/11\/Gateau-20-ans-Tournette.mp4\">http:\/\/cstalloires.com\/wp-content\/uploads\/2016\/11\/Gateau-20-ans-Tournette.mp4<\/a><\/video><\/div>\n<\/div>\n<div class=\"jp-title\"><\/div>\n<div class=\"jp-start jp-play\"><\/div>\n<div class=\"jp-gui\"><\/div>\n<\/div>\n<\/div>\n<h5>Les m\u00eames 20 ans plus t\u00f4t\u2026<\/h5>\n<p><a href=\"http:\/\/cstalloires.com\/?attachment_id=678\"><img loading=\"lazy\" class=\"wp-image-678 size-full aligncenter\" src=\"http:\/\/cstalloires.com\/wp-content\/uploads\/2016\/10\/20-ans-article-e1481905547306.jpg\" width=\"960\" height=\"720\" srcset=\"https:\/\/cstalloires.com\/wp-content\/uploads\/2016\/10\/20-ans-article-e1481905547306.jpg 960w, https:\/\/cstalloires.com\/wp-content\/uploads\/2016\/10\/20-ans-article-e1481905547306-300x225.jpg 300w, https:\/\/cstalloires.com\/wp-content\/uploads\/2016\/10\/20-ans-article-e1481905547306-768x576.jpg 768w\" sizes=\"(max-width: 960px) 100vw, 960px\" \/><\/a><\/p>\n<\/div>\n<\/div>\n<\/div>\n<\/div>\n<\/div>\n<\/div>\n","protected":false},"excerpt":{"rendered":"<p>RANDO TOURNETTE Galerie des sourires La rando 2024 RDV \u00e0 partir de 7h \u00e0 la plage du bourg de Talloires\u00a0 D+ : 1870 m Distance : 10,9 km D\u00e9part individuel [&hellip;]<\/p>\n","protected":false},"author":1,"featured_media":42,"parent":21,"menu_order":0,"comment_status":"closed","ping_status":"closed","template":"page-fullwidth.php","meta":[],"acf":[],"_links":{"self":[{"href":"https:\/\/cstalloires.com\/index.php?rest_route=\/wp\/v2\/pages\/39"}],"collection":[{"href":"https:\/\/cstalloires.com\/index.php?rest_route=\/wp\/v2\/pages"}],"about":[{"href":"https:\/\/cstalloires.com\/index.php?rest_route=\/wp\/v2\/types\/page"}],"author":[{"embeddable":true,"href":"https:\/\/cstalloires.com\/index.php?rest_route=\/wp\/v2\/users\/1"}],"replies":[{"embeddable":true,"href":"https:\/\/cstalloires.com\/index.php?rest_route=%2Fwp%2Fv2%2Fcomments&post=39"}],"version-history":[{"count":423,"href":"https:\/\/cstalloires.com\/index.php?rest_route=\/wp\/v2\/pages\/39\/revisions"}],"predecessor-version":[{"id":7303,"href":"https:\/\/cstalloires.com\/index.php?rest_route=\/wp\/v2\/pages\/39\/revisions\/7303"}],"up":[{"embeddable":true,"href":"https:\/\/cstalloires.com\/index.php?rest_route=\/wp\/v2\/pages\/21"}],"wp:featuredmedia":[{"embeddable":true,"href":"https:\/\/cstalloires.com\/index.php?rest_route=\/wp\/v2\/media\/42"}],"wp:attachment":[{"href":"https:\/\/cstalloires.com\/index.php?rest_route=%2Fwp%2Fv2%2Fmedia&parent=39"}],"curies":[{"name":"wp","href":"https:\/\/api.w.org\/{rel}","templated":true}]}}